se 11, what is 2aa37 - a466?
20581
In base 2, what is 101 + 1010100010000001000110000111?
1010100010000001000110001100
In base 15, what is -435 - e714?
-eb49
In base 9, what is -2 + 6627636?
6627634
In base 3, what is -2102000111112 - -110?
-2102000111002
In base 12, what is 7a936 + 12?
7a948
In base 9, what is 1560085 - -8?
1560104
In base 9, what is 3873 - -5416?
10400
In base 10, what is -6921586 + 5?
-6921581
In base 13, what is -547 - 1ba2?
-2419
In base 13, what is -27c78 - 110?
-28088
In base 10, what is -1 - -10804044?
10804043
In base 16, what is -d96e25 + 3?
-d96e22
In base 9, what is 8 + 1363784?
1363803
In base 7, what is 15060 + 14141?
32231
In base 5, what is -330314343112 - 4?
-330314343121
In base 6, what is 13 + 14110123020?
14110123033
In base 10, what is 4989 + -10917?
-5928
In base 16, what is -2d8d - -234?
-2b59
In base 3, what is -2011102121201 + 1?
-2011102121200
In base 9, what is -83132812 - 1?
-83132813
In base 11, what is 1 - 24180122?
-24180121
In base 12, what is 19 - -295b6a5?
295b702
In base 4, what is -22010022230300 - 1?
-22010022230301
In base 2, what is -110101101000111100 - -100011011?
-110101100100100001
In base 16, what is -4 + -3e3c0f?
-3e3c13
In base 8, what is -4 - -103656116?
103656112
In base 2, what is 100 + 1000100100111010010100101?
1000100100111010010101001
In base 7, what is -5 + -6365663604?
-6365663612
In base 11, what is 54658 + 1431?
55a89
In base 5, what is -2202204 - 2130322?
-4333031
In base 10, what is 3 - 2016015?
-2016012
In base 7, what is 6242 - 245603?
-236331
In base 3, what is 1 - 11200002212121012?
-11200002212121011
In base 16, what is -e7ef72 - -6?
-e7ef6c
In base 13, what is -1033 - -aba?
-246
In base 9, what is 244033650 + -4?
244033645
In base 13, what is 5a - 1115b18?
-1115a8b
In base 12, what is -116a + 272?
-ab8
In base 7, what is -30552544 + 1?
-30552543
In base 9, what is -7 + 175773833?
175773825
In base 14, what is 2 + 3c7c793?
3c7c795
In base 6, what is -434 + -35450400?
-35451234
In base 3, what is 1220202122021212 - 11?
1220202122021201
In base 4, what is -31 + 21110020303033?
21110020303002
In base 11, what is 9a7045 + -13?
9a7032
In base 2, what is -10011 - -11011011100010010?
11011011011111111
In base 6, what is 1101212 + -2353?
1054415
In base 6, what is -45 + 1402433?
1402344
In base 15, what is 100061 + 2cb?
10033c
In base 10, what is -12122 - 715?
-12837
In base 4, what is 22 + 20013223?
20013311
In base 7, what is -503 - 143002?
-143505
In base 8, what is 14 - 4413250?
-4413234
In base 3, what is -2012201 + 212002012122?
211222222221
In base 13, what is -5 - -4b50518?
4b50513
In base 13, what is -c64431 - 0?
-c64431
In base 11, what is 7 + 636064?
636070
In base 9, what is 86622 - 488?
86123
In base 16, what is -59a946e4 + -5?
-59a946e9
In base 15, what is 10b2c0d - 5?
10b2c08
In base 16, what is -c2 - -4ba3?
4ae1
In base 8, what is 13277631 + 116?
13277747
In base 6, what is -44 - 254502542?
-254503030
In base 3, what is 200010112221211 - 1022?
200010112220112
In base 9, what is 3 + 660471653?
660471656
In base 2, what is -1110110100101110111 - 10001?
-1110110100110001000
In base 12, what is 3879b10 + 13?
3879b23
In base 9, what is 6 + -2046723?
-2046716
In base 5, what is -122403131 + 2242?
-122400334
In base 15, what is 0 - 51c650c?
-51c650c
In base 10, what is 1421460643 + -2?
1421460641
In base 5, what is -4044 + -2430112?
-2434211
In base 15, what is -8833 - 2b8?
-8aeb
In base 7, what is 1006 - 130203?
-126164
In base 14, what is -52d + 66d5?
61a6
In base 16, what is 2af9dd + -2?
2af9db
In base 5, what is -10041 + 13223013?
13212422
In base 11, what is -4796558 + -8?
-4796565
In base 13, what is -36 + 10c2a4?
10c26b
In base 8, what is 2 + 41017212?
41017214
In base 4, what is 30 - -3202022303313?
3202022310003
In base 4, what is 201022102 - -1123?
201023231
In base 14, what is 24cdc + 1759?
26657
In base 2, what is 10100001010100101010 + 101?
10100001010100101111
In base 16, what is 50c + -35afd?
-355f1
In base 3, what is -1 - 201122220201020?
-201122220201021
In base 13, what is -49873 + -70?
-49913
In base 3, what is 110 - 20201212012022?
-20201212011212
In base 10, what is -10611380 + 5?
-10611375
In base 4, what is -103221120011 + 11?
-103221120000
In base 13, what is -148 + -65093?
-6520b
In base 13, what is 25067b0 - 3?
25067aa
In base 13, what is -68 - -4a9a16?
4a997b
In base 4, what is -2301120313231 - 13?
-2301120313310
In base 6, what is 10210532515 + 4?
10210532523
In base 9, what is -205223 + -11?
-205234
In base 2, what is -1010110011010000001010 + -100?
-1010110011010000001110
In base 9, what is 43366 + 678?
44155
In base 15, what is -1a0533 + 3b6?
-1a016c
In base 15, what is -7 - 1b26a7?
-1b26ae
In base 8, what is 301555 + -411?
301144
In base 5, what is 101220 - -202?
101422
In base 14, what is -7ca42a - d?
-7ca439
In base 15, what is 1e5484 - 29?
1e545a
In base 11, what is -22735 + 30?
-22705
In base 4, what is -103122033 - -12020?
-103110013
In base 8, what is 1304506017 + 6?
1304506025
In base 7, what is 35 + -3621135?
-3621100
In base 16, what is 60ac62e - -1?
60ac62f
In base 16, what is -1adea4b - -a?
-1adea41
In base 12, what is -160 - 1124?
-1284
In base 11, what is 3530 + 1aa79?
234a9
In base 5, what is -124101 - -1131?
-122420
In base 7, what is 11553 - -61454?
103340
In base 7, what is -44 - 3605222?
-3605266
In base 7, what is 32 + -3351034?
-3351002
In base 15, what is 7 - -46d939?
46d941
In base 11, what is -a76 + 5357a?
52604
In base 5, what is 2 + -422322402401?
-422322402344
In base 2, what is 1101100000110000110110 - 1000?
1101100000110000101110
In base 12, what is -33864 + -261?
-33b05
In base 3, what is 201122220200 + -1100200?
201121120000
In base 6, what is -335344231 - 25?
-335344300
In base 8, what is 10535 + -107243?
-76506
In base 5, what is 443001203 - 0?
443001203
In base 12, what is -179 + -2a6bb3?
-2a7170
In base 10, what is -171917873 + 2?
-171917871
In base 13, what is -337b + 254?
-3127
In base 9, what is -11 + 5828008?
5827887
In base 13, what is -1 + 839507?
839506
In base 13, what is 17453 - -1a4?
17627
In base 5, what is 2121 - 3342?
-1221
In base 7, what is 134 + -1503525?
-1503361
In base 15, what is 83758 - -105?
8385d
In base 15, what is 33a + -8b77d?
-8b443
In base 6, what is -14215454 + -32?
-14215530
In base 9, what is -5 + -2756133?
-2756138
In base 2, what is -100 - 1000111101101101010111?
-1000111101101101011011
In base 5, what is -14140323 - -24?
-14140244
In base 15, what is 0 - 721e95?
-721e95
In base 14, what is -13c90376 + -4?
-13c9037a
In base 11, what is -108725 - 142?
-108867
In base 11, what is -98025475 - -5?
-98025470
In base 9, what is -203 - -102624?
102421
In base 5, what is 3203201 - 1020302?
2132344
In base 9, what is -14100712 + 5?
-14100706
In base 9, what is 84110008 - -5?
84110014
In base 16, what is -297a + -1f6?
-2b70
In base 2, what is 1110000101 - 101111010101111?
-101101100101010
In base 10, what is 364 + -1716087?
-1715723
In base 5, what is -313 + -444032200?
-444033013
In base 7, what is 1522230266 + 11?
1522230310
In base 10, what is -7990817 - 0?
-7990817
In base 3, what is -1110012111122 + 11?
-1110012111111
In base 15, what is 369 + -3bbd?
-3854
In base 13, what is -756b + 1253?
-6318
In base 3, what is 12102 - -100022210212?
100100000021
In base 5, what is 3044 - -24333140?
24341234
In base 14, what is 25aca7 - 25?
25ac82
In base 3, what is 2 - 21002122101020?
-21002122101011
In base 11, what is 2 - 148a113?
-148a111
In base 5, what is -24101304 + 22?
-24101232
In base 16, what is -29 + 33fb?
33d2
In base 14, what is -cb4 - 9977?
-a84b
In base 9, what is 166525161 - -3?
166525164
In base 14, what is -4318 - -1882?
-2876
In base 16, what is -8ae - 5785?
-6033
In base 14, what is 16a3 + -10a82?
-d3bd
In base 2, what is -1100000010111001110111 - -1?
-1100000010111001110110
In base 2, what is -111 + -10001111110011000000111100?
-10001111110011000001000011
In base 2, what is -11011100100 - -1100001000011?
1000101011111
In base 2, what is 11110001 + -1010100001111111100?
-1010100001100001011
In base 5, what is -2142 + -12030?
-14222
In base 4, what is 22 + 210311311303?
210311311331
In base 12, what is 4 - -3393b1bb?
3393b203
In base 4, what is 20213 + -212000